{"id":54,"date":"2018-11-26T22:17:47","date_gmt":"2018-11-26T22:17:47","guid":{"rendered":"http:\/\/ingenierofarina.com.ar\/sitio\/?page_id=54"},"modified":"2018-11-26T22:17:47","modified_gmt":"2018-11-26T22:17:47","slug":"historia","status":"publish","type":"page","link":"https:\/\/ingenierofarina.com.ar\/sitio\/historia\/","title":{"rendered":"Historia"},"content":{"rendered":"\n<p>Luego de llevar a\u00f1os trabajando, primero como Electrot\u00e9cnico Nacional y luego como Ingeniero Electricista, junto a un compa\u00f1ero de estudios y ex de trabajos dan nacimiento a una empresa de ingenier\u00eda llamada SEDEI (Servicios de Ingenier\u00eda)en el a\u00f1o 1.984.<\/p>\n\n\n\n<p>&nbsp;Con lamisma realizan innumerables trabajos de ingenier\u00eda y supervisiones de obras y fabricaci\u00f3n en Buenos Aires, Villa Mercedes, San Luis y Rosario hasta la finalizaci\u00f3n de los reg\u00edmenes de las promociones industriales en esas provincias. <\/p>\n\n\n\n<p>Finalizadas estas y de acuerdo a la situaci\u00f3n pol\u00edtica-econ\u00f3mica, que se viv\u00eda en el pa\u00eds, cada uno de los socios inician sus nuevos y propios caminos. <\/p>\n\n\n\n<p>Es as\u00edque a partir de 1.994 comienza a trabajar y hasta nuestros d\u00edas como: <strong>Ing. Alberto Luis Farina &amp; Asociados<\/strong>, realizando los diversos servicios ofrecidos, junto a otros calificados profesionales de la ingenier\u00eda.<\/p>\n","protected":false},"excerpt":{"rendered":"<p>Luego de llevar a\u00f1os trabajando, primero como Electrot\u00e9cnico Nacional y luego como Ingeniero Electricista, junto a un compa\u00f1ero de estudios y ex de trabajos dan nacimiento a una empresa de ingenier\u00eda llamada SEDEI (Servicios de Ingenier\u00eda)en el a\u00f1o 1.984. &nbsp;Con lamisma realizan innumerables trabajos de ingenier\u00eda y supervisiones de obras y fabricaci\u00f3n en Buenos Aires, &hellip; <a href=\"https:\/\/ingenierofarina.com.ar\/sitio\/historia\/\" class=\"more-link\">Seguir leyendo <span class=\"screen-reader-text\">Historia<\/span> <span class=\"meta-nav\">&rarr;<\/span><\/a><\/p>\n","protected":false},"author":2,"featured_media":27,"parent":0,"menu_order":0,"comment_status":"closed","ping_status":"closed","template":"","meta":{"footnotes":""},"class_list":["post-54","page","type-page","status-publish","has-post-thumbnail","hentry"],"_links":{"self":[{"href":"https:\/\/ingenierofarina.com.ar\/sitio\/wp-json\/wp\/v2\/pages\/54","targetHints":{"allow":["GET"]}}],"collection":[{"href":"https:\/\/ingenierofarina.com.ar\/sitio\/wp-json\/wp\/v2\/pages"}],"about":[{"href":"https:\/\/ingenierofarina.com.ar\/sitio\/wp-json\/wp\/v2\/types\/page"}],"author":[{"embeddable":true,"href":"https:\/\/ingenierofarina.com.ar\/sitio\/wp-json\/wp\/v2\/users\/2"}],"replies":[{"embeddable":true,"href":"https:\/\/ingenierofarina.com.ar\/sitio\/wp-json\/wp\/v2\/comments?post=54"}],"version-history":[{"count":1,"href":"https:\/\/ingenierofarina.com.ar\/sitio\/wp-json\/wp\/v2\/pages\/54\/revisions"}],"predecessor-version":[{"id":55,"href":"https:\/\/ingenierofarina.com.ar\/sitio\/wp-json\/wp\/v2\/pages\/54\/revisions\/55"}],"wp:featuredmedia":[{"embeddable":true,"href":"https:\/\/ingenierofarina.com.ar\/sitio\/wp-json\/wp\/v2\/media\/27"}],"wp:attachment":[{"href":"https:\/\/ingenierofarina.com.ar\/sitio\/wp-json\/wp\/v2\/media?parent=54"}],"curies":[{"name":"wp","href":"https:\/\/api.w.org\/{rel}","templated":true}]}}